{"id":43,"date":"2014-09-16T00:59:45","date_gmt":"2014-09-16T00:59:45","guid":{"rendered":"http:\/\/www.gevolucion.org\/?page_id=43"},"modified":"2014-09-17T05:15:28","modified_gmt":"2014-09-17T05:15:28","slug":"un-sueno-posible","status":"publish","type":"page","link":"https:\/\/www.gevolucion.com\/?page_id=43","title":{"rendered":"Un Sue\u00f1o Posible"},"content":{"rendered":"<address style=\"text-align: center;\">Gevoluci\u00f3n es una \u201cguerra\u201d donde las armas son: La mente y la tecnolog\u00eda.<br \/>\n<strong>Para una gevoluci\u00f3n, los medios deben ser tan justificados como el fin.<\/strong><\/address>\n<p style=\"text-align: justify;\">Podr\u00eda parecer ut\u00f3pico o ingenuo, pero, acaso no es m\u00e1s ingenuo creer que, con limitarles el tiempo en el cargo o prevenir que se perpet\u00faen en \u00e9l, es suficiente? \u00a0\u00a0No nos ense\u00f1a la experiencia que, aunque redujeramos los per\u00edodos de gobierno a un mes, \u201csi por casualidad resultan siendo ladrones\u201d los electos, tendr\u00e1n tiempo m\u00e1s que suficiente para hacer de las suyas? \u00a0\u00a0En cambio si, los guatemaltecos les entregamos, a los \u201cempleados electos\u201d su lista de responsabilidades con relaci\u00f3n a temas que afectan nuestra realidad y futuro, se contar\u00e1 con elementos m\u00e1s objetivos para determinar, en cualquier momento, si el progreso es el apropiado o al finalizar, verificar qu\u00e9 tanto logr\u00f3 de lo que se esperaba durante esa gesti\u00f3n.<\/p>\n<p style=\"text-align: justify;\">Nuestro sistema democr\u00e1tico necesita que \u201cle rescatemos\u201d de un juego macabro, pu\u00e9s parece que cada cuatro a\u00f1os resucita s\u00f3lo para participar en una especie de \u201cruleta rusa\u201d donde los candidatos parecen ser las balas que le asesinar\u00e1n nuevamente. \u00a0Le entregamos el poder a alguien que \u201ccreemos que har\u00e1\u201d lo que le conviene a todos y que lo har\u00e1 de la forma m\u00e1s eficiente. \u00a0\u00a0Sin embargo, bastan unas pocas decisiones y acciones de los nuevos gobernantes para darnos cuenta que \u201cle fallamos\u201d, \u201cno tuvimos suerte\u201d, \u201cla mayor\u00eda fue enga\u00f1ada\u201d pero la totalidad resultar\u00e1 afectada, tal vez eran sinceros al ofrecer lo que ofrec\u00edan para ser electos, pero ignoraban detalles muy importantes que no hac\u00edan factible su oferta y, en otros casos, tal vez es posible, pero, la habilidad o forma de llevarlas a cabo, no son las mejores y en el intento, no s\u00f3lo derrochan nuestros recursos, sino que machacan nuestro sue\u00f1o de un futuro mejor.<\/p>\n<p style=\"text-align: justify;\">Gevoluci\u00f3n es una guerra donde las armas son el pensamiento y la comunicaci\u00f3n, los soldados son aquellos que piensan en formas de solucionar los problemas que se constituyen en el enemigo de la sociedad.<\/p>\n<p style=\"text-align: justify;\">A cada cuatro a\u00f1os, para que los adoptemos a ellos, se ver\u00e1n en la necesidad de adoptar una o m\u00e1s propuestas de la Gevoluci\u00f3n, para permear, paulatinamente, el quehacer de los empleados p\u00fablicos.<\/p>\n<p style=\"text-align: justify;\">Muchos funcionarios parecen haber olvidado que son empleados de su pueblo y les aqueja una aguda fijaci\u00f3n en hacerse perpetuos en los cargos para los que fueron electos. \u00a0Mientras no puedan eliminar las limitaciones de tiempo de cada mandato, procuran la perpetuidad haciendo relevos con sus m\u00e1s allegados<\/p>\n<p style=\"text-align: justify;\">Es una renovada cr\u00edtica constructiva, donde, aparte de cuestionar las decisiones y acciones de los funcionarios, en lugar de cruzar los dedos para que tomen \u201cmejores\u201d decisiones o esperar sentados a que se les ocurra algo genial para sacar adelante al pa\u00eds, hacemos algo mejor: Gevoluci\u00f3n. \u00a0Gevoluci\u00f3n permite aportar sus ideas, optimizarlas y convertirlas en propuestas que puedan ser adoptadas por los funcionarios.<\/p>\n","protected":false},"excerpt":{"rendered":"<p>Gevoluci\u00f3n es una \u201cguerra\u201d donde las armas son: La mente y la tecnolog\u00eda. Para una gevoluci\u00f3n, los medios deben ser tan justificados como el fin. Podr\u00eda parecer ut\u00f3pico o ingenuo, pero, acaso no es m\u00e1s ingenuo creer que, con limitarles el tiempo en el cargo o prevenir que se perpet\u00faen en \u00e9l, es suficiente? \u00a0\u00a0No &hellip; <a href=\"https:\/\/www.gevolucion.com\/?page_id=43\" class=\"more-link\">Sigue leyendo <span class=\"screen-reader-text\">Un Sue\u00f1o Posible<\/span><\/a><\/p>\n","protected":false},"author":1,"featured_media":0,"parent":0,"menu_order":0,"comment_status":"open","ping_status":"closed","template":"","meta":{"footnotes":""},"class_list":["post-43","page","type-page","status-publish","hentry"],"_links":{"self":[{"href":"https:\/\/www.gevolucion.com\/index.php?rest_route=\/wp\/v2\/pages\/43","targetHints":{"allow":["GET"]}}],"collection":[{"href":"https:\/\/www.gevolucion.com\/index.php?rest_route=\/wp\/v2\/pages"}],"about":[{"href":"https:\/\/www.gevolucion.com\/index.php?rest_route=\/wp\/v2\/types\/page"}],"author":[{"embeddable":true,"href":"https:\/\/www.gevolucion.com\/index.php?rest_route=\/wp\/v2\/users\/1"}],"replies":[{"embeddable":true,"href":"https:\/\/www.gevolucion.com\/index.php?rest_route=%2Fwp%2Fv2%2Fcomments&post=43"}],"version-history":[{"count":2,"href":"https:\/\/www.gevolucion.com\/index.php?rest_route=\/wp\/v2\/pages\/43\/revisions"}],"predecessor-version":[{"id":69,"href":"https:\/\/www.gevolucion.com\/index.php?rest_route=\/wp\/v2\/pages\/43\/revisions\/69"}],"wp:attachment":[{"href":"https:\/\/www.gevolucion.com\/index.php?rest_route=%2Fwp%2Fv2%2Fmedia&parent=43"}],"curies":[{"name":"wp","href":"https:\/\/api.w.org\/{rel}","templated":true}]}}